 = k, -4*y - 1 - 5 = 2*j. Suppose m + y*m = 3. Calculate a(m).
-2
Let g be (-6)/(-8) + 1/4. Let n(k) be the third derivative of -k**4/8 - k**3/6 + 5*k**2. Give n(g).
-4
Let m(w) = -2*w - 3. Let c be m(-3). Let j(p) = 2*p + 1. Let y be j(1). Let k(x) = 1 + x - x - x**2 + y*x. What is k(c)?
1
Let v(u) be the first derivative of -u**2 - 2*u + 9. What is v(2)?
-6
Let m(v) = v**3 - 10*v**2 - 22*v - 18. Let z be m(12). Let c(b) = 5*b + 0*b**2 + 2 + 3*b**3 - 2*b**3 - 7*b**2. Give c(z).
-4
Let a(r) = r**2 - 3*r. Suppose -c + h = -7, -5*c - h = -6 - 29. Let b(p) = p**2 - 7*p + 4. Let l be b(c). What is a(l)?
4
Let l(w) = -8*w**2 + w**2 - 7*w + 4*w**2 - 3*w**2 + w**3. Calculate l(7).
0
Let z be (32/(-24))/(1/(-6)). Let s(h) = -4*h - 2*h + 2*h**2 + h**3 + z*h. Suppose 6 + 2 = -4*v. What is s(v)?
-4
Let y(s) = 7*s - 2. Let v(w) = 4*w - 1. Let t = 1 + 0. Let r be 3/(0/(-1) - t). Let l(m) = r*y(m) + 5*v(m). Determine l(3).
-2
Let g be (1/(-5) - -1)*5. Let i = -5 + g. Let p(w) = -3*w - 2 + 1 - 6*w. What is p(i)?
8
Let g(p) be the first derivative of 1/24*p**4 + 0*p**2 + 1/180*p**6 + 0*p + 1/60*p**5 - 3 - 1/3*p**3. Let o(s) be the third derivative of g(s). What is o(-2)?
5
Let o(r) be the second derivative of r**6/360 - r**5/120 - r**4/8 - 2*r**3/3 - 4*r. Let g(w) be the second derivative of o(w). Determine g(0).
-3
Let q = -2 - -1. Let d(j) = -13*j - 2 + 5*j + 1. Give d(q).
7
Let l be (-4)/2 - 10/(-2). Let t be (-2)/(-4)*-6 - -10. Let m(a) = -a**3 - 5 - 2*a + 2*a**2 + t*a + 2. What is m(l)?
3
Let s(y) = y**3 - 4*y**2 - 4*y - 3. Let c(q) = q**2 - 5*q. Let j be c(5). Let r(p) = -p + 5. Let h be r(j). Give s(h).
2
Let x(z) be the first derivative of -z**3/3 + 3*z**2 + 7*z + 27. Determine x(6).
7
Let w(b) = -b - 7. Let g be 2 - ((-6)/(-2) + 6). Calculate w(g).
0
Let z(r) = -2 + 1 + 2*r**2 + r**2. Let d be z(1). Let p(o) = -2*o**2 - 1. Calculate p(d).
-9
Let h(g) = -g**2 - 6*g - 2. Let c(y) = -4*y + 6*y**2 + 7 + 14*y - 3*y**2 + 8*y. Let s(i) = 4*c(i) + 11*h(i). Calculate s(-4).
-2
Let p(w) = 2*w**2 + 21*w + 2. Let q(h) = -h**2 - 10*h - 1. Let m(a) = 6*p(a) + 13*q(a). Calculate m(-6).
-13
Let h(q) = 40 - 30 + 0*q**2 - q**2 - 24. Suppose 0 = 2*x - x. What is h(x)?
-14
Let x(s) = -2*s - 12. Let z(d) = 2*d + 11. Suppose 3*l - 12 = l. Let k(j) = l*z(j) + 5*x(j). Let y be (10/6)/(2/(-6)). Give k(y).
-4
Let t(n) = n**3 - 8*n**2 - 10*n + 13. Let i be t(9). Suppose -h - 1 = -w - 2*h, -i*w + h = -4. Let m(z) = 5*z**3 - z + 1. Calculate m(w).
5
Let j(x) be the first derivative of 3 + 1/3*x**3 + 3*x + 1/2*x**2. Calculate j(0).
3
Let r = 22 - 20. Let s(i) = -6 + 3*i**2 + 1 + 8 - 4 + r*i. Calculate s(-2).
7
Let d(n) = -n**3 - 9*n**2 - 7*n + 10. Let m be 2 - 2 - (3 + 5). Let c be d(m). Let l(r) = -2*r**3 + 3*r**2 - r + 1. Calculate l(c).
-5
Let d(o) = -20*o**3 + 4*o**2 - o - 6. Let b(k) = -k**3 + k**2 - 1. Let w(u) = -5*b(u) + d(u). Determine w(-1).
14
Let o(b) = b**2 + 5*b. Let c be -2 + 4*(2 - 3). What is o(c)?
6
Let s(y) = -16*y - 10. Let c(g) = -3*g - 2. Suppose -4*x + x - 6 = 0. Let u(m) = x*s(m) + 11*c(m). Suppose -2*z = 4*r - 0*z + 18, 2*z = 2*r. Give u(r).
1
Let w = 9 + -7. Suppose -2 = -w*s + 4. Let o(c) = c + 4. What is o(s)?
7
Suppose -41 = -4*i - 69. Suppose 16 + 0 = -2*w. Let k = w - i. Let u(z) = 8*z**2 + 1. What is u(k)?
9
Let t = -1 + -3. Let n(s) = -s - 14. Let u(d) = 2*d + 27. Let q(v) = 11*n(v) + 6*u(v). Calculate q(t).
4
Let i(q) = -q**3 + 2*q**2 - 4*q + 4. Let p be 5 + (-9)/(9/2). Determine i(p).
-17
Let s(j) = j**3 + 7*j**2 - j + 1. Let z(m) = -2*m - 1. Let t be z(3). What is s(t)?
8
Let y(g) = -g**2 + g + 2. Let t(q) = -3*q**2 + 5*q + 8. Let r(o) = -t(o) + 2*y(o). Let b be (11 - 1)*1/2. Give r(b).
6
Let d be (0 + 1)*(2 - 2). Let f(r) = -r + 2 + d*r - 6 + 3. Determine f(-5).
4
Let l(a) = -6*a + 28*a - 6*a - 11*a. Suppose x + 3*b + 4 = 5*x, 5*b = 0. What is l(x)?
5
Let w be 160/(-12)*(-3)/2. Let p(c) = w*c**3 - 39*c**3 - c**2 + 20*c**3 + 2*c - 1. What is p(2)?
7
Suppose 0*b - 4*b + 260 = 5*c, -2*c + 195 = 3*b. Let i be b/15 + (-6)/(-9). Let g(z) = 4*z - 6. Calculate g(i).
14
Suppose 7 = -2*q + 1. Let x(p) = -6*p. Let k(t) = 1. Let d(f) = -4*k(f) + x(f). Let u(n) = 11*n + 8. Let o(j) = -7*d(j) - 4*u(j). Calculate o(q).
2
Let c(h) be the third derivative of -h**4/6 - h**3/2 + 2*h**2. Let z be (-22)/4 - (-3)/6. Let k(b) = b + 1. Let p(v) = z*k(v) - c(v). Calculate p(-2).
0
Let k = 2309/6 + -384. Let m(n) be the second derivative of -n**2 - k*n**3 + 0 - 2*n. Give m(-2).
8
Let t(f) = f + 0*f**3 - 11*f**3 + 2*f**2 + 2*f**2 - 3*f**2. What is t(-1)?
11
Let s(h) = -h**3 + 2*h**2 - 4*h + 2. Let x(o) be the second derivative of o**4/4 - o**2/2 + o. Let l be x(-1). Give s(l).
-6
Let g(s) = 2 + 8 - 3*s**2 + 2 - 4. Let j(f) = 2*f**2 - 5. Let z(l) = 5*g(l) + 8*j(l). Calculate z(-1).
1
Suppose -4*w - 5 = 2*m + 5, -4*m - 20 = w. Let a = w + -1. Let o be (3/6)/(a/6). Let v(r) = r**3 + 3*r**2 + 3*r + 3. Give v(o).
-6
Let j be 0 - (3 + 1) - -3. Let p(a) = -13*a**3 + 5*a**2 + 7*a + 5. Let i(w) = -7*w**3 + 3*w**2 + 4*w + 3. Let v(y) = -5*i(y) + 3*p(y). Give v(j).
3
Suppose -11*s = -7*s - 32. Let q(g) = -g**3 + 7*g**2 + 7*g + 3. What is q(s)?
-5
Let t = 14 + -10. Suppose 0 = -2*u - 2*b - 10, -5*u - 20 = -4*u + t*b. Let z(w) be the second derivative of -w**5/20 - w**3/6 + 5*w**2/2 + w. Determine z(u).
5
Let x be (-6)/15 + 12/5. Let p(g) be the first derivative of -g**4/12 + g**3/3 - g**2 - 2. Let q(f) be the second derivative of p(f). Give q(x).
-2
Let j(b) = -2*b + 11. Let r be j(5). Let p(g) = 2 - 2*g + 4*g - r - 3*g. What is p(-6)?
7
Let x(o) = -2*o**3 + 3*o**2 + 5*o - 4. Let m(d) = 6*d**3 - 8*d**2 - 14*d + 11. Let r(y) = -4*m(y) - 11*x(y). Give r(-2).
10
Let n(d) = -d + 6. Let b be n(4). Let o(r) = -3*r + 2. Give o(b).
-4
Let k(m) = 2*m**2 + 3*m - 1. Suppose -j - 9 = 3*g + j, g + 3 = -j. Let b(d) = -d**2 - 2*d. Let x be b(g). Calculate k(x).
8
Let s(i) be the second derivative of i**5/20 - i**4/2 + 5*i**3/6 - i**2/2 - 29*i. Calculate s(5).
-1
Let f(h) = -2*h**3 - 4*h**2 - 7*h - h + 0*h + 3*h**3 + 3. What is f(5)?
-12
Let y(v) = -1 - 1 - 1 - 3*v + 2*v**2 + 2*v**3 + 0. Let u be 2*(-1)/1*1. Let o = 0 + u. Calculate y(o).
-5
Suppose -17 = -5*h + 13. Let y(s) = 3 - s**2 + 4*s - 1 + s**3 + h*s**2. Suppose 3*k = -12, -32 = 3*l - k + 6*k. Give y(l).
2
Let s(m) be the first derivative of -m**3/3 + 5*m**2/2 + 6*m - 1. Let x(a) = -a - 7 - a**2 + 3 - 9*a. Let z be x(-9). Give s(z).
6
Let a(k) be the first derivative of k**4/24 - 2*k**3/3 - 5*k**2/2 + 3. Let u(v) be the second derivative of a(v). Give u(3).
-1
Let k be (-6)/(-30) - (-39)/5. Let u(r) = -k - 2*r + 2*r**3 + 7 + r**3. Calculate u(-1).
-2
Let x(p) = -3*p**2 - p + 2. Let o(c) = -13*c**2 - 3*c + 9. Let n(d) = -2*o(d) + 9*x(d). Calculate n(-3).
0
Let p be (-6 + 0/(-1))/(6/(-4)). Let z(k) be the third derivative of -1/60*k**5 + 0*k**p + 1/3*k**3 + 0*k + 0 - 2*k**2. Determine z(3).
-7
Let c(r) = -2*r**2 + 4*r**2 + 5 - 7*r**2 - 3*r - 4*r. Let u(a) = 4*a**2 + 6*a - 4. Let n(y) = 5*c(y) + 6*u(y). Determine n(3).
-5
Let p(c) be the third derivative of -c**5/60 + 5*c**4/24 - c**3/6 - 3*c**2. Determine p(4).
3
Let d(l) = -11*l + 5. Let p(o) = -5*o + 3. Let q(n) = 4*d(n) - 9*p(n). Give q(4).
-3
Let w = 22 - 15. Let a = w - 9. Let h(r) = r**2 + r - 2. Give h(a).
0
Suppose -5*j = -9*j + 8. Suppose 5*w - 3*y + 8 = 0, 2*y + 4 = -j*w + 4*y. Let z(t) = 6*t**2 + 66*t - 66*t - 1. What is z(w)?
5
Let b(n) = 5*n**3 + 3*n**2 - 12*n. Let t(q) = 6*q**3 + 2*q**2 - 13*q. Let v(h) = -5*b(h) + 4*t(h). Calculate v(-8).
0
Let p = -17 - -20. Let u(v) = -2*v + 3*v - v + 4*v - p. What is u(3)?
9
Let j(p) = 4*p**2 + 3*p**3 + 13*p - 14*p - 4*p**3. Give j(2).
6
Let m(u) = 7*u + 3*u**2 - 5*u + 1 - 4 - 4*u. Calculate m(-2).
13
Suppose -3*q + 33 = -5*l + 20, 0 = -2*l - 4. Let w(s) = -12*s**2 - 2*s + 1. Calculate w(q).
-13
Suppose g = 5*l, l + 2*g = -g - 16. Let q(j) = -5*j**3 + 1. Give q(l).
6
Let k(v) be the third derivative of v**6/120 - v**5/15 - 7*v**4/24 + 7*v**3/6 - 2*v**2. Suppose 5 = 3*d + 3*u - 4, u + 22 = 4*d. What is k(d)?
-3
Suppose 3*m + 45 = -2*z - z, -2*z + 60 = -4*m. Let n = -10 - m. Let a(d) = d**3 + 4*d + 3 + d - d - 6*d**2. What is a(n)?
-2
Let d be 34/8 + 2/(-8). Suppose 0*z = 3*z - d*t - 26, -t + 22 = 4*z. Let x be 3 - z - 3*-1. Let r(a) = a